{"id":1085,"date":"2020-08-19T07:13:26","date_gmt":"2020-08-19T07:13:26","guid":{"rendered":"https:\/\/frutasvalentia.com.ar\/?page_id=1085"},"modified":"2022-11-18T10:19:59","modified_gmt":"2022-11-18T13:19:59","slug":"our-produce","status":"publish","type":"page","link":"https:\/\/frutasvalentia.com.ar\/?page_id=1085","title":{"rendered":"Nuestros productos"},"content":{"rendered":"\n<div class=\"wp-block-uagb-container uagb-block-59c4ef63 alignfull uagb-is-root-container\"><div class=\"uagb-container-inner-blocks-wrap\">\n<div class=\"wp-block-uagb-info-box uagb-block-efa32d35 uagb-infobox__content-wrap  uagb-infobox-icon-above-title uagb-infobox-image-valign-top\"><div class=\"uagb-ifb-content\"><div class=\"uagb-ifb-title-wrap\"><div class=\"uagb-ifb-separator\"><\/div><h1 class=\"uagb-ifb-title\">Nuestros Productos<\/h1><\/div><\/div><\/div>\n\n\n\n<div class=\"wp-block-uagb-advanced-heading uagb-block-2a4c04bb\"><\/div>\n<\/div><\/div>\n\n\n\n<div class=\"wp-block-uagb-container uagb-block-8b5030f8 alignfull uagb-is-root-container\"><div class=\"uagb-container-inner-blocks-wrap\">\n<div class=\"wp-block-uagb-container uagb-block-d7251a63\">\n<div class=\"wp-block-uagb-advanced-heading uagb-block-c7e365cd\"><h2 class=\"uagb-heading-text\">Los m\u00e1s frescos. como reci\u00e9n cortados.<\/h2><\/div>\n<\/div>\n\n\n\n<div class=\"wp-block-uagb-container uagb-block-af55c327\">\n<div class=\"wp-block-uagb-advanced-heading uagb-block-8528b1b2\"><\/div>\n\n\n\n<div class=\"wp-block-uagb-advanced-heading uagb-block-2f510b74\"><\/div>\n<\/div>\n<\/div><\/div>\n\n\n\n<div class=\"wp-block-columns is-layout-flex wp-container-core-columns-is-layout-28f84493 wp-block-columns-is-layout-flex\">\n<div class=\"wp-block-column is-layout-flow wp-block-column-is-layout-flow\" style=\"flex-basis:100%\">\n<div class=\"wp-block-columns is-layout-flex wp-container-core-columns-is-layout-28f84493 wp-block-columns-is-layout-flex\">\n<div class=\"wp-block-column is-layout-flow wp-block-column-is-layout-flow\" style=\"flex-basis:100%\">\n<div class=\"wp-block-uagb-container uagb-block-4ca7eb7f alignfull uagb-is-root-container\"><div class=\"uagb-container-inner-blocks-wrap\">\n<div class=\"wp-block-columns is-layout-flex wp-container-core-columns-is-layout-28f84493 wp-block-columns-is-layout-flex\">\n<div class=\"wp-block-column is-vertically-aligned-center is-layout-flow wp-block-column-is-layout-flow\" style=\"flex-basis:50%\">\n<a id=\"ancla-damasco\"><\/a>\n<figure class=\"wp-block-image aligncenter size-large is-resized has-custom-border\"><img loading=\"lazy\" decoding=\"async\" src=\"https:\/\/frutasvalentia.com.ar\/wp-content\/uploads\/2022\/11\/damascos-horizontal-1024x819.jpg\" alt=\"Mujer sosteniendo Damascos\" class=\"wp-image-1208\" style=\"border-radius:12px\" width=\"591\" height=\"443\"><\/figure>\n<\/div>\n\n\n\n<div class=\"wp-block-column is-vertically-aligned-center is-layout-flow wp-block-column-is-layout-flow\" style=\"flex-basis:45%\">\n<figure class=\"wp-block-image aligncenter size-large\"><img loading=\"lazy\" decoding=\"async\" width=\"1024\" height=\"502\" src=\"https:\/\/frutasvalentia.com.ar\/wp-content\/uploads\/2022\/11\/temporada-damasco-7-variedades-1024x502.png\" alt=\"\" class=\"wp-image-1371\" srcset=\"https:\/\/frutasvalentia.com.ar\/wp-content\/uploads\/2022\/11\/temporada-damasco-7-variedades-1024x502.png 1024w, https:\/\/frutasvalentia.com.ar\/wp-content\/uploads\/2022\/11\/temporada-damasco-7-variedades-300x147.png 300w, https:\/\/frutasvalentia.com.ar\/wp-content\/uploads\/2022\/11\/temporada-damasco-7-variedades-768x377.png 768w, https:\/\/frutasvalentia.com.ar\/wp-content\/uploads\/2022\/11\/temporada-damasco-7-variedades-1536x753.png 1536w, https:\/\/frutasvalentia.com.ar\/wp-content\/uploads\/2022\/11\/temporada-damasco-7-variedades.png 1890w\" sizes=\"auto, (max-width: 1024px) 100vw, 1024px\" \/><\/figure>\n\n\n\n<div class=\"wp-block-uagb-container uagb-block-d9228eb2 alignfull uagb-is-root-container\"><div class=\"uagb-container-inner-blocks-wrap\">\n<div class=\"wp-block-uagb-container uagb-block-5e88af61\">\n<figure class=\"wp-block-image size-large has-custom-border\"><img loading=\"lazy\" decoding=\"async\" width=\"1024\" height=\"768\" src=\"https:\/\/frutasvalentia.com.ar\/wp-content\/uploads\/2022\/11\/cajon-damasco-valentia-b.espanola-1024x768.png\" alt=\"cajon-damasco-valentia-b.espa\u00f1ola\" class=\"wp-image-1638\" style=\"border-radius:12px\" srcset=\"https:\/\/frutasvalentia.com.ar\/wp-content\/uploads\/2022\/11\/cajon-damasco-valentia-b.espanola-1024x768.png 1024w, https:\/\/frutasvalentia.com.ar\/wp-content\/uploads\/2022\/11\/cajon-damasco-valentia-b.espanola-300x225.png 300w, https:\/\/frutasvalentia.com.ar\/wp-content\/uploads\/2022\/11\/cajon-damasco-valentia-b.espanola-768x576.png 768w, https:\/\/frutasvalentia.com.ar\/wp-content\/uploads\/2022\/11\/cajon-damasco-valentia-b.espanola-1536x1152.png 1536w, https:\/\/frutasvalentia.com.ar\/wp-content\/uploads\/2022\/11\/cajon-damasco-valentia-b.espanola.png 1672w\" sizes=\"auto, (max-width: 1024px) 100vw, 1024px\" \/><\/figure>\n<\/div>\n\n\n\n<div class=\"wp-block-uagb-container uagb-block-f94d2212\">\n<figure class=\"wp-block-image size-large has-custom-border\"><img loading=\"lazy\" decoding=\"async\" width=\"1024\" height=\"769\" src=\"https:\/\/frutasvalentia.com.ar\/wp-content\/uploads\/2022\/11\/cajon-damasco-valentia-b.espanola-1024x769.jpg\" alt=\"cajon-damasco-valentia-b.espa\u00f1ola\" class=\"wp-image-1637\" style=\"border-radius:12px\" srcset=\"https:\/\/frutasvalentia.com.ar\/wp-content\/uploads\/2022\/11\/cajon-damasco-valentia-b.espanola-1024x769.jpg 1024w, https:\/\/frutasvalentia.com.ar\/wp-content\/uploads\/2022\/11\/cajon-damasco-valentia-b.espanola-300x225.jpg 300w, https:\/\/frutasvalentia.com.ar\/wp-content\/uploads\/2022\/11\/cajon-damasco-valentia-b.espanola-768x577.jpg 768w, https:\/\/frutasvalentia.com.ar\/wp-content\/uploads\/2022\/11\/cajon-damasco-valentia-b.espanola-1536x1153.jpg 1536w, https:\/\/frutasvalentia.com.ar\/wp-content\/uploads\/2022\/11\/cajon-damasco-valentia-b.espanola-2048x1538.jpg 2048w\" sizes=\"auto, (max-width: 1024px) 100vw, 1024px\" \/><\/figure>\n<\/div>\n\n\n\n<div class=\"wp-block-uagb-container uagb-block-1ebaf323\">\n<figure class=\"wp-block-image size-large has-custom-border\"><img loading=\"lazy\" decoding=\"async\" width=\"1024\" height=\"768\" src=\"https:\/\/frutasvalentia.com.ar\/wp-content\/uploads\/2022\/11\/cajon-damasco-valentia-castel-brite-1024x768.jpg\" alt=\"cajon damasco valentia - castel brite\" class=\"wp-image-1636\" style=\"border-radius:12px\" srcset=\"https:\/\/frutasvalentia.com.ar\/wp-content\/uploads\/2022\/11\/cajon-damasco-valentia-castel-brite-1024x768.jpg 1024w, https:\/\/frutasvalentia.com.ar\/wp-content\/uploads\/2022\/11\/cajon-damasco-valentia-castel-brite-300x225.jpg 300w, https:\/\/frutasvalentia.com.ar\/wp-content\/uploads\/2022\/11\/cajon-damasco-valentia-castel-brite-768x576.jpg 768w, https:\/\/frutasvalentia.com.ar\/wp-content\/uploads\/2022\/11\/cajon-damasco-valentia-castel-brite-1536x1152.jpg 1536w, https:\/\/frutasvalentia.com.ar\/wp-content\/uploads\/2022\/11\/cajon-damasco-valentia-castel-brite-2048x1536.jpg 2048w\" sizes=\"auto, (max-width: 1024px) 100vw, 1024px\" \/><\/figure>\n<\/div>\n<\/div><\/div>\n<\/div>\n<\/div>\n<\/div><\/div>\n<\/div>\n<\/div>\n\n\n\n<div class=\"wp-block-uagb-container uagb-block-f893f2a0 alignfull uagb-is-root-container\"><div class=\"uagb-container-inner-blocks-wrap\">\n<hr class=\"wp-block-separator has-text-color has-ast-global-color-0-color has-alpha-channel-opacity has-ast-global-color-0-background-color has-background\"\/>\n\n\n\n<div class=\"wp-block-columns has-small-font-size is-layout-flex wp-container-core-columns-is-layout-d7d455e7 wp-block-columns-is-layout-flex\" style=\"border-style:none;border-width:0px;border-radius:0px;padding-top:0;padding-right:0;padding-bottom:0;padding-left:0\">\n<div class=\"wp-block-column is-vertically-aligned-center is-layout-flow wp-block-column-is-layout-flow\" style=\"flex-basis:50%\">\n<a id=\"ancla-ciruela\"><\/a>\n<figure class=\"wp-block-image aligncenter size-large is-resized has-custom-border\"><img loading=\"lazy\" decoding=\"async\" src=\"https:\/\/frutasvalentia.com.ar\/wp-content\/uploads\/2022\/11\/ciruela-2-1-1024x770.jpg\" alt=\"ciruelas\" class=\"wp-image-1530\" style=\"border-radius:12px\" width=\"591\" height=\"443\" srcset=\"https:\/\/frutasvalentia.com.ar\/wp-content\/uploads\/2022\/11\/ciruela-2-1-1024x770.jpg 1024w, https:\/\/frutasvalentia.com.ar\/wp-content\/uploads\/2022\/11\/ciruela-2-1-300x225.jpg 300w, https:\/\/frutasvalentia.com.ar\/wp-content\/uploads\/2022\/11\/ciruela-2-1-768x577.jpg 768w, https:\/\/frutasvalentia.com.ar\/wp-content\/uploads\/2022\/11\/ciruela-2-1-1536x1154.jpg 1536w, https:\/\/frutasvalentia.com.ar\/wp-content\/uploads\/2022\/11\/ciruela-2-1-2048x1539.jpg 2048w\" sizes=\"auto, (max-width: 591px) 100vw, 591px\" \/><\/figure>\n<\/div>\n\n\n\n<div class=\"wp-block-column is-vertically-aligned-center is-layout-flow wp-block-column-is-layout-flow\" style=\"flex-basis:45%\">\n<figure class=\"wp-block-image aligncenter size-large has-custom-border\"><img loading=\"lazy\" decoding=\"async\" width=\"1024\" height=\"315\" src=\"https:\/\/frutasvalentia.com.ar\/wp-content\/uploads\/2022\/11\/temporada-ciruela-4-variedades-1-1024x315.png\" alt=\"\" class=\"wp-image-1379\" style=\"border-style:none;border-width:0px\" srcset=\"https:\/\/frutasvalentia.com.ar\/wp-content\/uploads\/2022\/11\/temporada-ciruela-4-variedades-1-1024x315.png 1024w, https:\/\/frutasvalentia.com.ar\/wp-content\/uploads\/2022\/11\/temporada-ciruela-4-variedades-1-300x92.png 300w, https:\/\/frutasvalentia.com.ar\/wp-content\/uploads\/2022\/11\/temporada-ciruela-4-variedades-1-768x236.png 768w, https:\/\/frutasvalentia.com.ar\/wp-content\/uploads\/2022\/11\/temporada-ciruela-4-variedades-1-1536x473.png 1536w, https:\/\/frutasvalentia.com.ar\/wp-content\/uploads\/2022\/11\/temporada-ciruela-4-variedades-1.png 1890w\" sizes=\"auto, (max-width: 1024px) 100vw, 1024px\" \/><\/figure>\n\n\n\n<div class=\"wp-block-uagb-container uagb-block-b3683151 alignfull uagb-is-root-container\"><div class=\"uagb-container-inner-blocks-wrap\">\n<div class=\"wp-block-uagb-container uagb-block-d611f9c7\">\n<figure class=\"wp-block-image size-large has-custom-border\"><img loading=\"lazy\" decoding=\"async\" width=\"1024\" height=\"769\" src=\"https:\/\/frutasvalentia.com.ar\/wp-content\/uploads\/2022\/11\/ciruelas-royal-zee-1024x769.jpg\" alt=\"ciruelas- royal zee\" class=\"wp-image-1640\" style=\"border-radius:12px\" srcset=\"https:\/\/frutasvalentia.com.ar\/wp-content\/uploads\/2022\/11\/ciruelas-royal-zee-1024x769.jpg 1024w, https:\/\/frutasvalentia.com.ar\/wp-content\/uploads\/2022\/11\/ciruelas-royal-zee-300x225.jpg 300w, https:\/\/frutasvalentia.com.ar\/wp-content\/uploads\/2022\/11\/ciruelas-royal-zee-768x577.jpg 768w, https:\/\/frutasvalentia.com.ar\/wp-content\/uploads\/2022\/11\/ciruelas-royal-zee-1536x1153.jpg 1536w, https:\/\/frutasvalentia.com.ar\/wp-content\/uploads\/2022\/11\/ciruelas-royal-zee-2048x1538.jpg 2048w\" sizes=\"auto, (max-width: 1024px) 100vw, 1024px\" \/><\/figure>\n<\/div>\n\n\n\n<div class=\"wp-block-uagb-container uagb-block-844dceda\">\n<figure class=\"wp-block-image size-large has-custom-border\"><img loading=\"lazy\" decoding=\"async\" width=\"1024\" height=\"769\" src=\"https:\/\/frutasvalentia.com.ar\/wp-content\/uploads\/2022\/11\/ciruelas-en-bandejitas-1024x769.jpg\" alt=\"ciruelas en bandejitas\" class=\"wp-image-1639\" style=\"border-radius:12px\" srcset=\"https:\/\/frutasvalentia.com.ar\/wp-content\/uploads\/2022\/11\/ciruelas-en-bandejitas-1024x769.jpg 1024w, https:\/\/frutasvalentia.com.ar\/wp-content\/uploads\/2022\/11\/ciruelas-en-bandejitas-300x225.jpg 300w, https:\/\/frutasvalentia.com.ar\/wp-content\/uploads\/2022\/11\/ciruelas-en-bandejitas-768x577.jpg 768w, https:\/\/frutasvalentia.com.ar\/wp-content\/uploads\/2022\/11\/ciruelas-en-bandejitas-1536x1153.jpg 1536w, https:\/\/frutasvalentia.com.ar\/wp-content\/uploads\/2022\/11\/ciruelas-en-bandejitas-2048x1538.jpg 2048w\" sizes=\"auto, (max-width: 1024px) 100vw, 1024px\" \/><\/figure>\n<\/div>\n<\/div><\/div>\n<\/div>\n<\/div>\n\n\n\n<hr class=\"wp-block-separator has-text-color has-ast-global-color-1-color has-alpha-channel-opacity has-ast-global-color-1-background-color has-background\"\/>\n\n\n\n<div class=\"wp-block-columns is-layout-flex wp-container-core-columns-is-layout-28f84493 wp-block-columns-is-layout-flex\">\n<div class=\"wp-block-column is-vertically-aligned-center is-layout-flow wp-block-column-is-layout-flow\" style=\"flex-basis:50%\">\n<a id=\"ancla-melon\"><\/a>\n<figure class=\"wp-block-image aligncenter size-full is-resized has-custom-border\"><img loading=\"lazy\" decoding=\"async\" src=\"https:\/\/frutasvalentia.com.ar\/wp-content\/uploads\/2022\/11\/melon.jpg\" alt=\"Mel\u00f3n-san-juan\" class=\"wp-image-1401\" style=\"border-radius:12px\" width=\"591\" height=\"443\"><\/figure>\n<\/div>\n\n\n\n<div class=\"wp-block-column is-vertically-aligned-center is-layout-flow wp-block-column-is-layout-flow\" style=\"flex-basis:45%\">\n<figure class=\"wp-block-image aligncenter size-large\"><img loading=\"lazy\" decoding=\"async\" width=\"1024\" height=\"269\" src=\"https:\/\/frutasvalentia.com.ar\/wp-content\/uploads\/2022\/11\/temporada-melon-1024x269.png\" alt=\"\" class=\"wp-image-1403\" srcset=\"https:\/\/frutasvalentia.com.ar\/wp-content\/uploads\/2022\/11\/temporada-melon-1024x269.png 1024w, https:\/\/frutasvalentia.com.ar\/wp-content\/uploads\/2022\/11\/temporada-melon-300x79.png 300w, https:\/\/frutasvalentia.com.ar\/wp-content\/uploads\/2022\/11\/temporada-melon-768x202.png 768w, https:\/\/frutasvalentia.com.ar\/wp-content\/uploads\/2022\/11\/temporada-melon-1536x404.png 1536w, https:\/\/frutasvalentia.com.ar\/wp-content\/uploads\/2022\/11\/temporada-melon.png 1914w\" sizes=\"auto, (max-width: 1024px) 100vw, 1024px\" \/><\/figure>\n<\/div>\n<\/div>\n\n\n\n<hr class=\"wp-block-separator has-text-color has-alpha-channel-opacity has-background\" style=\"background-color:#aeb593;color:#aeb593\"\/>\n\n\n\n<div class=\"wp-block-columns is-layout-flex wp-container-core-columns-is-layout-28f84493 wp-block-columns-is-layout-flex\">\n<div class=\"wp-block-column is-vertically-aligned-center is-layout-flow wp-block-column-is-layout-flow\" style=\"flex-basis:50%\">\n<a id=\"ancla-uva\"><\/a>\n<figure class=\"wp-block-image aligncenter size-large is-resized has-custom-border\"><img loading=\"lazy\" decoding=\"async\" src=\"https:\/\/frutasvalentia.com.ar\/wp-content\/uploads\/2022\/11\/uva-red-globe4-1024x768.jpg\" alt=\"\" class=\"wp-image-1124\" style=\"border-radius:12px\" width=\"591\" height=\"443\" srcset=\"https:\/\/frutasvalentia.com.ar\/wp-content\/uploads\/2022\/11\/uva-red-globe4-1024x768.jpg 1024w, https:\/\/frutasvalentia.com.ar\/wp-content\/uploads\/2022\/11\/uva-red-globe4-300x225.jpg 300w, https:\/\/frutasvalentia.com.ar\/wp-content\/uploads\/2022\/11\/uva-red-globe4-768x576.jpg 768w, https:\/\/frutasvalentia.com.ar\/wp-content\/uploads\/2022\/11\/uva-red-globe4-1536x1152.jpg 1536w, https:\/\/frutasvalentia.com.ar\/wp-content\/uploads\/2022\/11\/uva-red-globe4-2048x1536.jpg 2048w\" sizes=\"auto, (max-width: 591px) 100vw, 591px\" \/><\/figure>\n<\/div>\n\n\n\n<div class=\"wp-block-column is-vertically-aligned-center is-layout-flow wp-block-column-is-layout-flow\" style=\"flex-basis:45%\">\n<figure class=\"wp-block-image aligncenter size-large\"><img loading=\"lazy\" decoding=\"async\" width=\"1024\" height=\"521\" src=\"https:\/\/frutasvalentia.com.ar\/wp-content\/uploads\/2022\/11\/temporada-uva-1024x521.png\" alt=\"\" class=\"wp-image-1381\" srcset=\"https:\/\/frutasvalentia.com.ar\/wp-content\/uploads\/2022\/11\/temporada-uva-1024x521.png 1024w, https:\/\/frutasvalentia.com.ar\/wp-content\/uploads\/2022\/11\/temporada-uva-300x153.png 300w, https:\/\/frutasvalentia.com.ar\/wp-content\/uploads\/2022\/11\/temporada-uva-768x391.png 768w, https:\/\/frutasvalentia.com.ar\/wp-content\/uploads\/2022\/11\/temporada-uva-1536x781.png 1536w, https:\/\/frutasvalentia.com.ar\/wp-content\/uploads\/2022\/11\/temporada-uva-2048x1042.png 2048w\" sizes=\"auto, (max-width: 1024px) 100vw, 1024px\" \/><\/figure>\n<\/div>\n<\/div>\n\n\n\n<hr class=\"wp-block-separator has-text-color has-alpha-channel-opacity has-background\" style=\"background-color:#7b4962;color:#7b4962\"\/>\n\n\n\n<div class=\"wp-block-columns is-layout-flex wp-container-core-columns-is-layout-28f84493 wp-block-columns-is-layout-flex\">\n<div class=\"wp-block-column is-layout-flow wp-block-column-is-layout-flow\"><\/div>\n<\/div>\n\n\n\n<div class=\"wp-block-columns is-layout-flex wp-container-core-columns-is-layout-d7d455e7 wp-block-columns-is-layout-flex\" style=\"padding-top:0;padding-right:0;padding-bottom:0;padding-left:0\">\n<div class=\"wp-block-column is-vertically-aligned-center is-layout-flow wp-block-column-is-layout-flow\" style=\"flex-basis:50%\">\n<div class=\"wp-block-uagb-info-box uagb-block-cdd9426d uagb-infobox__content-wrap  uagb-infobox-icon-above-title uagb-infobox-image-valign-top\"><div class=\"uagb-ifb-content\"><div class=\"uagb-ifb-title-wrap\"><h3 class=\"uagb-ifb-title\">Especializados en damasco y ciruela&#8230;<\/h3><\/div><p class=\"uagb-ifb-desc\">Contamos con 7 variedades de <strong>Damasco<\/strong> y 4 de<strong> Ciruela<\/strong> lo que nos permite una disponibilidad de \u00e9stas frutas de unos 60 d\u00edas para luego continuar con la cosecha, empaque y distribuci\u00f3n de<strong> mel\u00f3n<\/strong> y <strong>uva<\/strong> durante toda la temporada estival, llegando hasta los meses de abril y mayo con guarda de excelente calidad.<\/p><div class=\"uagb-ifb-button-wrapper wp-block-button\"><a href=\"https:\/\/frutasvalentia.com.ar\/?page_id=1411\" target=\"_self\" class=\"uagb-infobox-cta-link\" rel=\"noopener noreferrer\" alt=\"\"><span class=\"uagb-inline-editing\">Leer m\u00e1s..<\/span><\/a><\/div><\/div><\/div>\n<\/div>\n\n\n\n<div class=\"wp-block-column is-layout-flow wp-block-column-is-layout-flow\" style=\"flex-basis:2%\"><\/div>\n\n\n\n<div class=\"wp-block-column is-layout-flow wp-block-column-is-layout-flow\" style=\"flex-basis:45%\">\n<figure class=\"wp-block-image aligncenter size-full has-custom-border\"><img loading=\"lazy\" decoding=\"async\" width=\"2371\" height=\"1334\" src=\"https:\/\/frutasvalentia.com.ar\/wp-content\/uploads\/2022\/11\/IMG_20221010_190808284_HDR-1.jpg\" alt=\"nena a caballo\" class=\"wp-image-1217\" style=\"border-style:none;border-width:0px;border-radius:12px\" srcset=\"https:\/\/frutasvalentia.com.ar\/wp-content\/uploads\/2022\/11\/IMG_20221010_190808284_HDR-1.jpg 2371w, https:\/\/frutasvalentia.com.ar\/wp-content\/uploads\/2022\/11\/IMG_20221010_190808284_HDR-1-300x169.jpg 300w, https:\/\/frutasvalentia.com.ar\/wp-content\/uploads\/2022\/11\/IMG_20221010_190808284_HDR-1-1024x576.jpg 1024w, https:\/\/frutasvalentia.com.ar\/wp-content\/uploads\/2022\/11\/IMG_20221010_190808284_HDR-1-768x432.jpg 768w, https:\/\/frutasvalentia.com.ar\/wp-content\/uploads\/2022\/11\/IMG_20221010_190808284_HDR-1-1536x864.jpg 1536w, https:\/\/frutasvalentia.com.ar\/wp-content\/uploads\/2022\/11\/IMG_20221010_190808284_HDR-1-2048x1152.jpg 2048w\" sizes=\"auto, (max-width: 2371px) 100vw, 2371px\" \/><\/figure>\n<\/div>\n<\/div>\n<\/div><\/div>\n<\/div>\n<\/div>\n\n\n\n<div class=\"wp-block-uagb-container uagb-block-251c6e5b alignfull uagb-is-root-container\"><div class=\"uagb-container-inner-blocks-wrap\"><\/div><\/div>\n","protected":false},"excerpt":{"rendered":"<p>Los m\u00e1s frescos. como reci\u00e9n cortados.<\/p>\n","protected":false},"author":1,"featured_media":0,"parent":0,"menu_order":0,"comment_status":"closed","ping_status":"closed","template":"","meta":{"om_disable_all_campaigns":false,"_uag_custom_page_level_css":"","_monsterinsights_skip_tracking":false,"_monsterinsights_sitenote_active":false,"_monsterinsights_sitenote_note":"","_monsterinsights_sitenote_category":0,"site-sidebar-layout":"default","site-content-layout":"plain-container","ast-site-content-layout":"default","site-content-style":"default","site-sidebar-style":"default","ast-global-header-display":"","ast-banner-title-visibility":"","ast-main-header-display":"","ast-hfb-above-header-display":"","ast-hfb-below-header-display":"","ast-hfb-mobile-header-display":"","site-post-title":"disabled","ast-breadcrumbs-content":"","ast-featured-img":"","footer-sml-layout":"","ast-disable-related-posts":"","theme-transparent-header-meta":"enabled","adv-header-id-meta":"","stick-header-meta":"","header-above-stick-meta":"","header-main-stick-meta":"","header-below-stick-meta":"","astra-migrate-meta-layouts":"default","ast-page-background-enabled":"default","ast-page-background-meta":{"desktop":{"background-color":"","background-image":"","background-repeat":"repeat","background-position":"center center","background-size":"auto","background-attachment":"scroll","background-type":"","background-media":"","overlay-type":"","overlay-color":"","overlay-opacity":"","overlay-gradient":""},"tablet":{"background-color":"","background-image":"","background-repeat":"repeat","background-position":"center center","background-size":"auto","background-attachment":"scroll","background-type":"","background-media":"","overlay-type":"","overlay-color":"","overlay-opacity":"","overlay-gradient":""},"mobile":{"background-color":"","background-image":"","background-repeat":"repeat","background-position":"center center","background-size":"auto","background-attachment":"scroll","background-type":"","background-media":"","overlay-type":"","overlay-color":"","overlay-opacity":"","overlay-gradient":""}},"ast-content-background-meta":{"desktop":{"background-color":"var(--ast-global-color-5)","background-image":"","background-repeat":"repeat","background-position":"center center","background-size":"auto","background-attachment":"scroll","background-type":"","background-media":"","overlay-type":"","overlay-color":"","overlay-opacity":"","overlay-gradient":""},"tablet":{"background-color":"var(--ast-global-color-5)","background-image":"","background-repeat":"repeat","background-position":"center center","background-size":"auto","background-attachment":"scroll","background-type":"","background-media":"","overlay-type":"","overlay-color":"","overlay-opacity":"","overlay-gradient":""},"mobile":{"background-color":"var(--ast-global-color-5)","background-image":"","background-repeat":"repeat","background-position":"center center","background-size":"auto","background-attachment":"scroll","background-type":"","background-media":"","overlay-type":"","overlay-color":"","overlay-opacity":"","overlay-gradient":""}},"footnotes":""},"class_list":["post-1085","page","type-page","status-publish","hentry"],"aioseo_notices":[],"uagb_featured_image_src":{"full":false,"thumbnail":false,"medium":false,"medium_large":false,"large":false,"1536x1536":false,"2048x2048":false},"uagb_author_info":{"display_name":"gvideladeoro@gmail.com","author_link":"https:\/\/frutasvalentia.com.ar\/?author=1"},"uagb_comment_info":0,"uagb_excerpt":"Los m\u00e1s frescos. como reci\u00e9n cortados.","_links":{"self":[{"href":"https:\/\/frutasvalentia.com.ar\/index.php?rest_route=\/wp\/v2\/pages\/1085","targetHints":{"allow":["GET"]}}],"collection":[{"href":"https:\/\/frutasvalentia.com.ar\/index.php?rest_route=\/wp\/v2\/pages"}],"about":[{"href":"https:\/\/frutasvalentia.com.ar\/index.php?rest_route=\/wp\/v2\/types\/page"}],"author":[{"embeddable":true,"href":"https:\/\/frutasvalentia.com.ar\/index.php?rest_route=\/wp\/v2\/users\/1"}],"replies":[{"embeddable":true,"href":"https:\/\/frutasvalentia.com.ar\/index.php?rest_route=%2Fwp%2Fv2%2Fcomments&post=1085"}],"version-history":[{"count":104,"href":"https:\/\/frutasvalentia.com.ar\/index.php?rest_route=\/wp\/v2\/pages\/1085\/revisions"}],"predecessor-version":[{"id":1672,"href":"https:\/\/frutasvalentia.com.ar\/index.php?rest_route=\/wp\/v2\/pages\/1085\/revisions\/1672"}],"wp:attachment":[{"href":"https:\/\/frutasvalentia.com.ar\/index.php?rest_route=%2Fwp%2Fv2%2Fmedia&parent=1085"}],"curies":[{"name":"wp","href":"https:\/\/api.w.org\/{rel}","templated":true}]}}